h. What is the greatest common factor of h and x?
1
Suppose 1643 = 5*c - 1477. Suppose -4*t + c = 12*t. Calculate the highest common divisor of 312 and t.
39
Let x(p) = 15*p - 6. Let l be x(2). Let o(w) = 3*w**2 + 7*w - 14. Suppose 3*k = -48 + 18. Let j be o(k). What is the greatest common factor of l and j?
24
Let h be (-147)/(-51) - (4 + (-350)/85). Calculate the highest common divisor of 9 and h.
3
Let c = 22 + -16. Suppose 49 = -d + c*d + 4*o, 0 = 2*d + 2*o - 18. Suppose t = 23 + d. What is the highest common divisor of t and 24?
12
Let f be 3075/12 + ((-18)/(-24) - 1). What is the highest common factor of f and 32?
32
Let f = 521 + -449. Calculate the highest common divisor of f and 63.
9
Suppose 2*p - 355 = p - 2*b, 3*b + 1710 = 5*p. What is the highest common factor of p and 90?
15
Let v(i) = -i - 1. Suppose -3*d + 4 = -4*o, o - 12 = d + 3*d. Let f be v(o). Suppose 27 = -0*p + f*p. What is the greatest common factor of p and 99?
9
Let z = -8 + 22. Suppose -4*k + z + 50 = 0. Let g be (45/9 - 11)*60/(-9). What is the greatest common divisor of g and k?
8
Let z(a) = -a**2 + 28*a - 30. Let i be z(5). What is the greatest common divisor of 850 and i?
85
Suppose -196 = -11*g + 24. Calculate the greatest common factor of 180 and g.
20
Suppose 0 = 4*k + 2*k - 24. Let x be ((-4)/12 - (-24)/(-9)) + k. Calculate the greatest common divisor of x and 1.
1
Let g(w) = -146*w - 331. Let p be g(-8). Calculate the greatest common factor of p and 62.
31
Let l = -50 - -32. Let k(w) = -3*w - 40. Let j be k(l). What is the highest common factor of j and 35?
7
Let n = -56 - -76. Calculate the highest common factor of n and 580.
20
Suppose 0 = -4*b - 5*h - 89, 4*h - 33 = 2*b + 5. Let a(v) = -8*v - 56. Let c be a(b). What is the highest common divisor of c and 16?
16
Suppose -6*i + 10 = -5*i. Suppose 160 = i*c - 2*c. Calculate the highest common divisor of c and 140.
20
Let k be (1*-6)/(0 - 2). Let p be ((-18)/7)/(114/(-1064)). What is the highest common divisor of p and k?
3
Suppose -127*m + 132*m - 350 = 0. What is the highest common divisor of 28 and m?
14
Let y(i) = 6*i**2 - 7*i + 98. Let q be y(6). What is the greatest common factor of 17 and q?
17
Let l = 678 - 657. What is the highest common factor of 1113 and l?
21
Suppose 3*l = 5*l - 126. Suppose 0 = -2*y + 5*y - q - l, -3*y + 54 = 2*q. What is the highest common divisor of 50 and y?
10
Let m = 753 - 731. What is the highest common factor of 77 and m?
11
Suppose -s = 8*s - 117. Calculate the greatest common factor of 182 and s.
13
Suppose 0 = 87*j - 111*j + 288. What is the highest common divisor of j and 732?
12
Let b be 8/12*27/2. Suppose 0 = -33*q + 22*q + 693. What is the highest common factor of q and b?
9
Suppose 5*k - 2*d - 50 = 0, 0*d - 4*d - 4 = 2*k. Let q be 324/20 + 3/(-15). What is the highest common factor of q and k?
8
Let q = -44 + 47. Suppose b = q*a + 27, 0 = 3*b + b + 3*a - 108. Calculate the greatest common factor of 189 and b.
27
Let x = -1350 + 1392. What is the greatest common factor of 315 and x?
21
Suppose -6*b = -18*b + 684. Calculate the greatest common divisor of b and 627.
57
Suppose -10*u + 6*u + 132 = 0. Suppose -2*c - 5 + u = 0. Calculate the highest common divisor of c and 126.
14
Suppose -57 + 9 = -4*b. Let j = -59 + 63. Calculate the highest common factor of b and j.
4
Let i(y) be the third derivative of 0 + 5/6*y**3 + 5/12*y**4 + 0*y - 1/60*y**5 + 4*y**2. Let g be i(10). What is the greatest common divisor of 45 and g?
5
Let l be -4*3/6 + 6. Suppose 0 = -3*s + 3*z + 92 + 4, 4*z = l. Calculate the greatest common factor of 22 and s.
11
Let g(m) be the third derivative of m**4/6 - 19*m**3/3 + m**2. Let k be g(17). What is the greatest common divisor of k and 120?
30
Let q = 323 + -529. Let j = 525 + q. Calculate the highest common factor of j and 29.
29
Let v = -1 + 10. Suppose 0*w = 5*s + w + 8, 3*s - 4*w = v. Let i(b) = -49*b**3 - 2*b - 1. Let p be i(s). Calculate the highest common factor of p and 20.
10
Let l = 18 + 2. Let u(p) = -34*p. Let w be u(2). Let m = 118 + w. What is the greatest common divisor of m and l?
10
Let l = -710 + 730. What is the highest common factor of l and 44?
4
Let v(m) = m**2 - 15*m + 30. Let z be v(13). Suppose -19 = -z*s + 1. Let x = -35 + 90. Calculate the highest common divisor of x and s.
5
Let u(l) = -l**2 + 41*l + 522. Let n be u(-10). Calculate the greatest common factor of 564 and n.
12
Suppose 47*j = 5234 - 1427. What is the highest common factor of j and 3?
3
Let v(n) be the third derivative of -2*n**4/3 - 7*n**3/2 + 6*n**2. Let t be v(-6). What is the greatest common factor of t and 25?
25
Suppose 3*x - 8*x + s = -911, 0 = -s - 1. Calculate the highest common divisor of 1547 and x.
91
Let m be 6*8/(-72)*-36. What is the greatest common divisor of m and 64?
8
Let y(r) be the first derivative of -r**2 + 26*r + 12. Let m be y(-7). Calculate the greatest common divisor of 20 and m.
20
Let q be 3/4 - (-5 + (-92)/(-16)). Suppose 5*s - 198 = 2*m - 5*m, q = -2*s. Calculate the highest common factor of m and 44.
22
Suppose 2 = 2*d - 10. Suppose -z = -d*z. Suppose z = 7*o + 6 - 62. Calculate the highest common divisor of 32 and o.
8
Suppose -4*q + 3*x = 44, -28 = 5*q + 2*x + x. Let t = q + 34. Let a = 135 - -47. What is the greatest common divisor of t and a?
26
Let x be -4*((-285)/(-50) + 1/(-5)). Let u be (-1805)/(-55) - (48/x + 2). What is the greatest common factor of 22 and u?
11
Let x = -14 + 46. Suppose -3 = -3*c + 9. What is the greatest common divisor of x and c?
4
Let z(m) = m**3 - 4*m**2 - 4*m - 3. Let q be z(5). Suppose 4*j + 2*s = 326, -2*s = q*s - 12. What is the highest common factor of j and 200?
40
Let i(v) = -v**2 + 7*v + 1. Let h be i(3). Suppose 2*x = -h + 35. Suppose -r + 225 + 69 = 3*k, 3*r - 387 = -4*k. Calculate the highest common factor of x and k.
11
Suppose 9*a + 192 - 597 = 0. Suppose 5*z - 27 = 2*z. Calculate the greatest common divisor of z and a.
9
Let d be 101/(-505) - ((-232)/10)/1. Calculate the highest common divisor of d and 4.
1
Suppose 0 = 2*k - 5*k + 45. Let i be (-597)/(-12) - (-1)/4. Suppose 2*q = 7*q - i. What is the greatest common factor of k and q?
5
Let v(k) = -13*k - 38. Let i be v(-5). What is the greatest common divisor of 72 and i?
9
Suppose -3*t = -l + 306, 3*l - t - 597 = l. What is the highest common divisor of 33 and l?
33
Suppose -p = -6*p. Suppose p = -0*v + 2*v + f - 34, 2*f - 36 = -2*v. Suppose 4*k = 5*k - 112. Calculate the greatest common divisor of v and k.
16
Suppose -5*n + 24 = a, -a = -0*n + 4*n - 20. Suppose n = -2*q + 20. Suppose 2*g = 0, 301*g = 5*o + 303*g - 160. What is the highest common factor of o and q?
8
Let r = 33 - -6. What is the greatest common divisor of r and 195?
39
Suppose 3*f - 2*f + 5 = -2*a, -f = -3*a. Let m = a + 6. Let s be (-4)/m - (-493)/85. What is the highest common divisor of 5 and s?
5
Suppose 536*g = 541*g - 30. Calculate the greatest common divisor of 27 and g.
3
Let o(x) = 2*x**2 + 8*x + 12. Let n be o(-4). What is the greatest common factor of n and 44?
4
Suppose 0 = 12*k - 3718 + 3598. Let l be ((-30)/(-8))/((-1)/(-4)). Calculate the highest common factor of l and k.
5
Let l(p) be the third derivative of p**5/60 - 7*p**4/12 + p**3 + 4*p**2. Let w be l(14). Calculate the greatest common divisor of 4 and w.
2
Suppose p + 3*z - 30 = -0*p, 4*p + 5*z = 155. What is the greatest common divisor of p and 15?
15
Let x = -19 - -22. Let y be x/2*(-160)/(-24). Calculate the highest common divisor of 90 and y.
10
Let t = -6 - -4. Let z be 4 + 1 + (-3 - t). Let l be (4/(-3))/(z/(-36)). Calculate the greatest common factor of l and 18.
6
Let l be -34*(-1350)/84 + (-3)/7. What is the highest common factor of 14 and l?
14
Suppose -2*x - 4*g + 138 = 0, -4*g + g + 266 = 4*x. Let i = 73 - 47. Calculate the greatest common divisor of i and x.
13
Let i = -380 - -542. What is the greatest common factor of 36 and i?
18
Let w = 1216 - 1201. Suppose 0*l = 2*l + 10, 0 = 3*a + 2*l - 170. What is the greatest common divisor of a and w?
15
Let k(f) = -4*f**3 - 2 + 2*f**3 + f**3 + 5*f**2 + 0. Let z be k(5). Let g be 17 - (2 + (-2)/z). Calculate the highest common divisor of 154 and g.
14
Suppose -4*c + 5*d - 6 + 19 = 0, -5*c - d + 9 = 0. Suppose -c*x - x + 399 = 0. Su